{"id":890,"date":"2018-04-20T08:39:15","date_gmt":"2018-04-20T06:39:15","guid":{"rendered":"http:\/\/auto-reklamy.pl\/oklejanie-samochodow\/?page_id=890"},"modified":"2019-03-04T10:47:20","modified_gmt":"2019-03-04T09:47:20","slug":"kontakt","status":"publish","type":"page","link":"https:\/\/auto-reklamy.pl\/oklejanie-samochodow\/kontakt\/","title":{"rendered":"Kontakt ze specjalist\u0105"},"content":{"rendered":"<p align=\"justify\">Fachowe<b> <a href=\"https:\/\/auto-reklamy.pl\/oklejanie-samochodow\/\">oklejanie samochod\u00f3w<\/a> foli\u0105<\/b> \u2013 zapraszamy do kontaktu<\/p>\n<p align=\"justify\">Zajmujemy si\u0119 profesjonalnym nanoszeniem <b>reklam na samochody ci\u0119\u017carowe<\/b>, <b>dostawcze<\/b> oraz <b>osobowe<\/b>. Wykonujemy m.in. napisy, grafiki reklamowe i <b>naklejki<\/b> <b>magnetyczne<\/b>. Je\u015bli chcesz zapozna\u0107 si\u0119 z pe\u0142n\u0105 ofert\u0105 b\u0105d\u017a masz jakiekolwiek inne pytania \u2013 zadzwo\u0144 lub napisz, a do\u015bwiadczeni pracownicy udziel\u0105 Ci wszelkich informacji. Serdecznie zapraszamy.<\/p>\n","protected":false},"excerpt":{"rendered":"<p>Fachowe oklejanie samochod\u00f3w foli\u0105 \u2013 zapraszamy do kontaktu Zajmujemy si\u0119 profesjonalnym nanoszeniem reklam na samochody ci\u0119\u017carowe, dostawcze oraz osobowe. Wykonujemy m.in. napisy, grafiki reklamowe i naklejki magnetyczne. Je\u015bli chcesz zapozna\u0107 si\u0119 z pe\u0142n\u0105 ofert\u0105 b\u0105d\u017a masz jakiekolwiek inne pytania \u2013 zadzwo\u0144 lub napisz, a do\u015bwiadczeni pracownicy udziel\u0105 Ci wszelkich informacji. Serdecznie zapraszamy.<\/p>\n","protected":false},"author":1,"featured_media":0,"parent":0,"menu_order":0,"comment_status":"closed","ping_status":"closed","template":"","meta":{"ngg_post_thumbnail":0,"_genesis_hide_title":false,"_genesis_hide_breadcrumbs":false,"_genesis_hide_singular_image":false,"_genesis_hide_footer_widgets":false,"_genesis_custom_body_class":"","_genesis_custom_post_class":"","_genesis_layout":"","footnotes":""},"yst_prominent_words":[26],"_links":{"self":[{"href":"https:\/\/auto-reklamy.pl\/oklejanie-samochodow\/wp-json\/wp\/v2\/pages\/890"}],"collection":[{"href":"https:\/\/auto-reklamy.pl\/oklejanie-samochodow\/wp-json\/wp\/v2\/pages"}],"about":[{"href":"https:\/\/auto-reklamy.pl\/oklejanie-samochodow\/wp-json\/wp\/v2\/types\/page"}],"author":[{"embeddable":true,"href":"https:\/\/auto-reklamy.pl\/oklejanie-samochodow\/wp-json\/wp\/v2\/users\/1"}],"replies":[{"embeddable":true,"href":"https:\/\/auto-reklamy.pl\/oklejanie-samochodow\/wp-json\/wp\/v2\/comments?post=890"}],"version-history":[{"count":9,"href":"https:\/\/auto-reklamy.pl\/oklejanie-samochodow\/wp-json\/wp\/v2\/pages\/890\/revisions"}],"predecessor-version":[{"id":5921,"href":"https:\/\/auto-reklamy.pl\/oklejanie-samochodow\/wp-json\/wp\/v2\/pages\/890\/revisions\/5921"}],"wp:attachment":[{"href":"https:\/\/auto-reklamy.pl\/oklejanie-samochodow\/wp-json\/wp\/v2\/media?parent=890"}],"wp:term":[{"taxonomy":"yst_prominent_words","embeddable":true,"href":"https:\/\/auto-reklamy.pl\/oklejanie-samochodow\/wp-json\/wp\/v2\/yst_prominent_words?post=890"}],"curies":[{"name":"wp","href":"https:\/\/api.w.org\/{rel}","templated":true}]}}